 x(h)?
3
Suppose 0 = 4*p + 5*d - 3*d - 1148, -2*p - 4*d + 586 = 0. Let h = p + -54. Suppose -h = -5*v + 2*g, -2*v = v + 5*g - 151. What is the tens digit of v?
4
Suppose 0 = 5*z - 5*s - 835, z = 2*z - 4*s - 167. Suppose 45 = 4*h - g - z, -200 = -4*h - 2*g. What is the tens digit of h?
5
Let r(b) = 220*b - 20. What is the units digit of r(1)?
0
Let v = 201 - -249. What is the tens digit of v?
5
Suppose -62 - 1272 = -a - 4*d, -4*a + 5381 = d. What is the units digit of a?
6
Suppose -3 = -v, 5*z = -0*z - v + 28. Suppose 0 = -w + z. Suppose -158 = -w*d + 97. What is the units digit of d?
1
Let q(t) = 2 + 49*t + 29*t + 0. What is the tens digit of q(1)?
8
Suppose 10*i = 6*i + 7668. Suppose -2*u + i = 7*u. What is the hundreds digit of u?
2
Suppose 44*w - 7371 = 31*w. What is the tens digit of w?
6
Let z(m) = m**2 + 2*m. Let h be z(-2). Let d be -1 + (-7)/(-1) + h. Suppose -5*w = -5*v - 4 - d, -2 = w - 2*v. What is the units digit of w?
6
Suppose 0 = -16*i + 6004 + 2428. What is the hundreds digit of i?
5
Let w(x) = 5*x**2 + 8*x - 17. Let o be w(-7). Suppose -2*q + k = -o, -2*q + 47 = -5*k - 125. What is the tens digit of q?
8
Suppose 4*o - 50 = -5*q, -3*o = -2*q - 11 - 15. What is the tens digit of (-5)/o - 65/(-2)?
3
Let n(t) be the first derivative of 2*t**3/3 - 9*t**2/2 - 7*t - 3. Let v be n(7). Suppose 6*k - v = -4. What is the units digit of k?
4
Suppose -539 = -5*n - 154. Let v = n + -19. What is the units digit of v?
8
Let q(u) = u**2 + 2*u + 2. Let r be q(-4). Let s(g) = 8*g - 22. What is the tens digit of s(r)?
5
Let s(g) = -g**2 - 5*g - 4. Let q be 8*((-9)/(-6) + -2). Let k be s(q). Suppose -4*r + 92 = -k*r. What is the tens digit of r?
2
Suppose 3*c - 4*c = -11. Let g = 2 + c. What is the units digit of g?
3
Let j = -40 + 32. Let f(u) = u**3 + 8*u**2 - 4*u - 9. What is the tens digit of f(j)?
2
Let v(r) = -r**3 + 9*r**2 - 9*r + 4. Let s be v(8). Let i(z) = -31*z + 13. Let h be i(0). Let a = s + h. What is the units digit of a?
9
What is the tens digit of (-31304)/(-9) + -7*(-14)/(-441)?
7
Suppose 0 = -2*a - 13 + 3. What is the units digit of (a/(-15))/(-2*(-3)/1152)?
4
Let m(x) = 56*x - 105. What is the units digit of m(15)?
5
Suppose -1 = -g - 9. Let z(p) = p**3 + 8*p**2 + p + 10. Let l be z(g). Let u = l - -23. What is the tens digit of u?
2
Let j = -792 - -4826. What is the thousands digit of j?
4
Let t(g) = -22*g + 123. What is the tens digit of t(-24)?
5
Let g(l) = 5*l**2 + 2*l + 9. Let k be g(-7). Suppose 3*p = -12, 5*v + 5*p - k = -0*p. What is the units digit of v?
2
Let b(r) = -r**2 - 21*r - 14. Let j be b(-20). Suppose -j*g = -13*g + 1407. What is the units digit of g?
1
What is the units digit of 520/(-1)*1/((-25)/10)?
8
Let n be (-10)/(-5) - 6/(-2). Suppose -n*w + 3*w = 12. Let y(a) = -a**2 - 8*a + 5. What is the units digit of y(w)?
7
Suppose 8792 + 2824 = 6*z. What is the hundreds digit of z?
9
Let u = -4 + 6. Suppose x + 5*t = -2*x + 17, -4*t = u*x - 12. Suppose -3*f - 4*l + 83 = 0, 5*f = -x*l - 0*l + 133. What is the units digit of f?
5
Suppose -f - 980 = -4*f + 5*y, 2*y = -4*f + 1350. What is the hundreds digit of f?
3
Let a(f) = 2*f**2 - 3*f + 494. What is the units digit of a(0)?
4
Let h(k) = 4*k**2 - 6*k + 1. Let y be h(8). Suppose -4*g = -y + 17. Suppose -3*n + 28 = 5*q - 50, 2*q - g = 3*n. What is the units digit of q?
8
Let v = 6 - -3. Suppose 0 = -4*c - 2*r + 362, 2*c - 176 = -0*c + 4*r. Suppose c = v*p - 6*p. What is the tens digit of p?
3
Suppose -27723 = -15*i - 438. What is the tens digit of i?
1
Let r(s) = -2*s - 27. Let d be r(-16). Let w(z) = 2*z**3 - 8*z**2 + 8*z + 11. What is the units digit of w(d)?
1
Let i = 1680 - 1531. What is the tens digit of i?
4
Let k(v) = 12*v + 18. Let s be k(-7). Let g = -47 - s. What is the tens digit of g?
1
Suppose 3*w - 2478 - 1641 = q, 5*q - 5473 = -4*w. What is the hundreds digit of w?
3
Let r = -355 - -466. What is the units digit of r?
1
Suppose -17*w + 168 = 32. What is the units digit of w?
8
Let y = 3320 - 5720. What is the units digit of (-2)/13 + y/(-52)?
6
Let x(p) = -p**2 + 17*p - 17. Let g be x(15). Let b(c) = -c**2 - 4*c. Let i be b(-4). Suppose i = w - g. What is the units digit of w?
3
Let n = 137 - -195. What is the units digit of n?
2
Let q = 1 - 1. Suppose q*z = 4*z - 16. Suppose p = 5, p - 213 = -4*o - z*p. What is the units digit of o?
7
Suppose 3*y - 12 = -3*p, 0*p + 5*p - 23 = -2*y. Let j(c) = -35 + 67 - 31 + 15*c**2. What is the units digit of j(y)?
6
Let v(o) = o**2 - 6*o + 10. Let h be v(4). Suppose -h*y + 20 = -0*y. Let f(p) = 3*p - 13. What is the tens digit of f(y)?
1
Let t = 169 - 97. What is the units digit of t?
2
Let x(i) = i**2 + i + 2. Suppose -3*p + p + 8 = 0. Suppose -5*m + p*v = -9, 0 = -m - 0*m - 2*v + 13. What is the tens digit of x(m)?
3
Suppose -6*n = -4*n - 10. Suppose -2*j = -6*j + 12. Suppose -3*w - u + 6*u + 59 = 0, j*w = -n*u + 19. What is the tens digit of w?
1
Let k = 383 - -80. What is the tens digit of k?
6
Let c = 357 - 209. What is the units digit of c?
8
Let j(n) = 60*n + 402. What is the hundreds digit of j(5)?
7
Suppose -g - 3*x = -114, 0 = -2*g - 5*x + 180 + 47. What is the units digit of g?
1
Suppose -6*w = -2*m - 3*w + 4837, -7253 = -3*m + 4*w. What is the tens digit of m?
1
Let y = -26 - -77. Let w = y + 15. Let d = w - 35. What is the tens digit of d?
3
Let d be 8/((-16)/(-6)) + 1. Let w(f) = 9*f**2 + 6*f + 5. What is the tens digit of w(d)?
7
Suppose -c - 20 = -22. Suppose c*b + 38 = 3*b. What is the tens digit of b?
3
What is the hundreds digit of 87762/24 + (56/32)/7?
6
Let x(q) = -2*q**3 - 77*q**2 - 52*q + 80. What is the hundreds digit of x(-38)?
6
Suppose 0 = -5*m - 5*d - 3 - 7, 2*m + 3*d + 8 = 0. Suppose 3*s - 39 = 5*a + 28, 53 = 3*s + m*a. What is the tens digit of s?
1
Let o(w) = -4*w + 16. Let i be o(8). Let b = i + 23. Suppose -9*t + 68 = -b*t. What is the units digit of t?
4
Let r(q) = -q**2 - 8*q - 1. Let i be r(-7). Let v(u) = 0*u**3 - u - 7*u**3 - 4*u**3 - 5*u**2 - 1 + 12*u**3. What is the units digit of v(i)?
9
Let s be 30/9*(-9)/(-6). Suppose -5*f = 2*k - s*k, 0 = -f - 3*k + 18. Suppose -f*h - 98 = -5*h. What is the units digit of h?
9
Let s(r) = 38*r - 4. What is the hundreds digit of s(17)?
6
Let c(m) = m**3 - 9*m**2 + 9*m - 7. Let o be c(8). Let n be (4/12 - o)*-15. Suppose -y = -6 - n. What is the units digit of y?
6
What is the tens digit of (-204)/(-54) + -4 + (-5080)/(-18)?
8
Let c(l) be the second derivative of 4*l - 5/6*l**3 + 1/12*l**4 + 7/2*l**2 + 0. What is the tens digit of c(6)?
1
What is the thousands digit of (96 - 5)/(6 - 791/133)?
1
Let c be ((-176)/15 + (-22)/(-55))*15. Suppose 0 = 2*l - 8*g + 5*g + 228, l + 2*g + 114 = 0. Let a = l - c. What is the units digit of a?
6
Suppose 0 = -2*m - 69 + 9. Let y = m + 51. What is the units digit of y?
1
Let d(v) = v**2 - 23*v + 9. What is the units digit of d(23)?
9
Let j(a) = -a**2 + 5*a - 3. Let b be j(3). Suppose -5*k = b*o - 81, -5*o - k = -2*k - 107. Let v = o - 11. What is the units digit of v?
1
What is the hundreds digit of 5 + 10 - 9 - -517?
5
Let s = -326 - -344. What is the units digit of s?
8
Let d(q) = 27*q**2 + 1. Let y be d(1). Suppose -36 = 4*l + y. Let w = l + 29. What is the units digit of w?
3
Suppose -5*k = 4*g - 7, -4*g - k + 3*k + 14 = 0. What is the units digit of g?
3
Suppose 0 = 2*c - 329 - 993. What is the hundreds digit of c?
6
Suppose 11*g = 2*g + 28458. What is the thousands digit of g?
3
Let k be ((-30)/9)/(-5)*3. Let j = 6 - k. Suppose j*b = 20 + 168. What is the tens digit of b?
4
Let p = 46 + -37. What is the units digit of p/(-3) + -2 + 61 - 2?
4
Let b(s) = s**2 + 9*s + 2. Let n be b(-8). Let m be n/9*(-198)/4. Suppose 3*p = 6*p - m. What is the units digit of p?
1
Let m(n) be the first derivative of 5 + 5*n**2 - 1/3*n**3 - 10*n. What is the units digit of m(8)?
6
Let d(i) = 15*i**2 - 9*i + 44. Let w be d(4). Suppose 0 = -m - 2*g + 208, 4*m = -g + 584 + w. What is the hundreds digit of m?
2
Let s(g) = 2*g**3 + g**2 - g + 1. Let k(x) = 9*x**3 + 20*x**2 - 2*x - 11. Let l(c) = -k(c) + 4*s(c). Let r = -33 - -17. What is the tens digit of l(r)?
4
Let s(f) = f**2 + f. Let w(z) = -z**3 + 3*z**2 - z - 2. Let o be w(2). Let u be s(o). Let i = 4 + u. What is the units digit of i?
4
Suppose 3*n + 5*s - 4 = 0, 2*n